y 69?
59
What is the remainder when 2295 is divided by 100?
95
What is the remainder when 3079 is divided by 55?
54
What is the remainder when 17066 is divided by 101?
98
What is the remainder when 5792 is divided by 19?
16
What is the remainder when 20 is divided by 11?
9
What is the remainder when 6746 is divided by 1684?
10
Calculate the remainder when 114 is divided by 34.
12
Calculate the remainder when 354 is divided by 52.
42
Calculate the remainder when 112 is divided by 55.
2
What is the remainder when 335 is divided by 66?
5
Calculate the remainder when 7552 is divided by 105.
97
What is the remainder when 106 is divided by 89?
17
What is the remainder when 119 is divided by 44?
31
Calculate the remainder when 1682 is divided by 130.
122
Calculate the remainder when 41 is divided by 12.
5
What is the remainder when 2001 is divided by 79?
26
What is the remainder when 5669 is divided by 1133?
4
Calculate the remainder when 611 is divided by 151.
7
What is the remainder when 1745 is divided by 570?
35
Calculate the remainder when 529 is divided by 13.
9
Calculate the remainder when 1917 is divided by 380.
17
What is the remainder when 1018 is divided by 17?
15
What is the remainder when 139 is divided by 47?
45
What is the remainder when 971 is divided by 108?
107
What is the remainder when 2582 is divided by 55?
52
Calculate the remainder when 1732 is divided by 50.
32
What is the remainder when 58 is divided by 22?
14
Calculate the remainder when 537 is divided by 7.
5
What is the remainder when 4490 is divided by 26?
18
What is the remainder when 2326 is divided by 60?
46
Calculate the remainder when 89 is divided by 6.
5
Calculate the remainder when 986 is divided by 110.
106
Calculate the remainder when 166 is divided by 36.
22
Calculate the remainder when 2366 is divided by 8.
6
Calculate the remainder when 77 is divided by 9.
5
Calculate the remainder when 606 is divided by 38.
36
What is the remainder when 646 is divided by 18?
16
What is the remainder when 119 is divided by 10?
9
Calculate the remainder when 11 is divided by 6.
5
Calculate the remainder when 3518 is divided by 51.
50
Calculate the remainder when 675 is divided by 97.
93
What is the remainder when 33429 is divided by 84?
81
Calculate the remainder when 2609 is divided by 869.
2
Calculate the remainder when 2085 is divided by 36.
33
What is the remainder when 10168 is divided by 6?
4
Calculate the remainder when 283 is divided by 87.
22
What is the remainder when 662 is divided by 329?
4
What is the remainder when 7177 is divided by 167?
163
What is the remainder when 911 is divided by 12?
11
What is the remainder when 160 is divided by 33?
28
What is the remainder when 879 is divided by 176?
175
Calculate the remainder when 169 is divided by 44.
37
What is the remainder when 253 is divided by 32?
29
What is the remainder when 164 is divided by 46?
26
What is the remainder when 71 is divided by 62?
9
What is the remainder when 882 is divided by 69?
54
What is the remainder when 282 is divided by 144?
138
What is the remainder when 363 is divided by 28?
27
What is the remainder when 145 is divided by 43?
16
Calculate the remainder when 2190 is divided by 116.
102
What is the remainder when 204 is divided by 23?
20
What is the remainder when 1087 is divided by 10?
7
Calculate the remainder when 626 is divided by 236.
154
What is the remainder when 1452 is divided by 8?
4
Calculate the remainder when 2252 is divided by 17.
8
What is the remainder when 157 is divided by 10?
7
What is the remainder when 1537 is divided by 86?
75
Calculate the remainder when 3627 is divided by 227.
222
What is the remainder when 765 is divided by 24?
21
What is the remainder when 217 is divided by 28?
21
What is the remainder when 778 is divided by 255?
13
Calculate the remainder when 1860 is divided by 23.
20
What is the remainder when 316 is divided by 100?
16
Calculate the remainder when 237 is divided by 179.
58
Calculate the remainder when 121 is divided by 14.
9
Calculate the remainder when 4619 is divided by 210.
209
Calculate the remainder when 261 is divided by 18.
9
Calculate the remainder when 226 is divided by 65.
31
Calculate the remainder when 16093 is divided by 6.
1
What is the remainder when 5540 is divided by 21?
17
What is the remainder when 336 is divided by 103?
27
What is the remainder when 1354 is divided by 44?
34
Calculate the remainder when 266 is divided by 204.
62
Calculate the remainder when 1044 is divided by 519.
6
Calculate the remainder when 223 is divided by 37.
1
What is the remainder when 111 is divided by 54?
3
Calculate the remainder when 267 is divided by 36.
15
What is the remainder when 348 is divided by 39?
36
Calculate the remainder when 1291 is divided by 322.
3
What is the remainder when 1259 is divided by 159?
146
Calculate the remainder when 262 is divided by 53.
50
Calculate the remainder when 83 is divided by 17.
15
What is the remainder when 1592 is divided by 88?
8
What is the remainder when 273 is divided by 52?
13
What is the remainder when 906 is divided by 311?
284
What is the remainder when 1186 is divided by 357?
115
Calculate the remainder when 93 is divided by 49.
44
What is the remainder when 8699 is divided by 77?
75
Calculate the remainder when 19 is divided by 13.
6
Calculate the remainder when 727 is divided by 35.
27
Calculate the remainder when 794 is divided by 159.
158
What is the remainder when 19 is divided by 10?
9
What is the remainder when 1187 is divided by 33?
32
Calculate the remainder when 5197 is divided by 399.
10
Calculate the remainder when 4464 is divided by 496.
0
Calculate the remainder when 6151 is divided by 615.
1
What is the remainder when 54 is divided by 27?
0
What is the remainder when 296 is divided by 66?
32
What is the remainder when 438 is divided by 322?
116
Calculate the remainder when 77 is divided by 21.
14
Calculate the remainder when 305 is divided by 147.
11
What is the remainder when 150 is divided by 49?
3
What is the remainder when 63 is divided by 17?
12
Calculate the remainder when 2141 is divided by 5.
1
Calculate the remainder when 102 is divided by 12.
6
Calculate the remainder when 347 is divided by 70.
67
What is the remainder when 357 is divided by 166?
25
Calculate the remainder when 14121 is divided by 25.
21
What is the remainder when 449 is divided by 95?
69
Calculate the remainder when 395 is divided by 50.
45
What is the remainder when 996 is divided by 37?
34
What is the remainder when 107 is divided by 50?
7
What is the remainder when 194 is divided by 29?
20
What is the remainder when 16682 is divided by 83?
82
Calculate the remainder when 318 is divided by 16.
14
What is the remainder when 1284 is divided by 163?
143
What is the remainder when 10888 is divided by 23?
9
Calculate the remainder when 464 is divided by 149.
17
Calculate the remainder when 398 is divided by 130.
8
What is the remainder when 1659 is divided by 538?
45
What is the remainder when 498 is divided by 21?
15
Calculate the remainder when 16511 is divided by 22.
11
Calculate the remainder when 264 is divided by 25.
14
What is the remainder when 431 is divided by 72?
71
What is the remainder when 7343 is divided by 21?
14
Calculate the remainder when 62 is divided by 43.
19
Calculate the remainder when 23 is divided by 11.
1
Calculate the remainder when 54 is divided by 23.
8
What is the remainder when 498 is divided by 121?
14
Calculate the remainder when 38 is divided by 14.
10
Calculate the remainder when 37 is divided by 22.
15
What is the remainder when 496 is divided by 151?
43
What is the remainder when 130 is divided by 22?
20
Calculate the remainder when 28 is divided by 15.
13
What is the remainder when 1122 is divided by 13?
4
What is the remainder when 203 is divided by 191?
12
What is the remainder when 153 is divided by 18?
9
What is the remainder when 637 is divided by 52?
13
Calculate the remainder when 1638 is divided by 276.
258
Calculate the remainder when 1271 is divided by 391.
98
What is the remainder when 259 is divided by 109?
41
What is the remainder when 177 is divided by 27?
15
Calculate the remainder when 135 is divided by 15.
0
Calculate the remainder when 360 i